{"id":699,"date":"2022-07-23T22:52:02","date_gmt":"2022-07-23T20:52:02","guid":{"rendered":"http:\/\/stadttauben-bochum.de\/?page_id=699"},"modified":"2022-10-21T10:07:51","modified_gmt":"2022-10-21T08:07:51","slug":"tipps-fuer-fortgeschrittene","status":"publish","type":"page","link":"https:\/\/stadttauben-bochum.de\/?page_id=699","title":{"rendered":"Tipps f\u00fcr Fortgeschrittene"},"content":{"rendered":"\n<p>Hier findest du ein paar Dokumente und Tipps, wenn du dich mehr mit dem Thema &#8222;Versorgen von Tauben&#8220; auseinander setzen willst.<\/p>\n\n\n\n<p><strong>Woran erkenne ich eine kranke Taube:<br><\/strong><a href=\"https:\/\/stadttauben-bochum.de\/wp-content\/uploads\/2017\/09\/Stadttauben_Krankheiten_erkennen.pdf\">Stadttauben_Krankheiten_erkennen.pdf<\/a><\/p>\n\n\n\n<p><strong>Erstversorgung und Handaufzucht:<br><\/strong><a href=\"https:\/\/stadttauben-bochum.de\/wp-content\/uploads\/2017\/09\/Erstversorgung_Unterbringung_und_Handaufzucht_von_Stadttauben.pdf\">Erstversorgung_Unterbringung_und_Handaufzucht_von_Stadttauben.pdf<\/a><\/p>\n\n\n\n<p><strong>Tauben in der Wohnung unterbringen:<br><\/strong>Durch Krankheit und Verletzungen m\u00fcssen manche Tauben aufgep\u00e4ppelt und gesund gepflegt werden. Auch Taubenk\u00fcken, die von Hand aufgezogen werden, m\u00fcssen in der Wohnung untergebracht werden bis sie selbstst\u00e4ndig sind.<\/p>\n\n\n\n<p>Hier fassen wir mal zusammen, was ihr zu dem Thema wissen solltet.<br>F\u00fcr die Unterbringung eignen sich Katzen-und Hundetransportboxen, Kleintierk\u00e4fige, Stoffboxen und Gitterkennel f\u00fcr Hunde. Die Gr\u00f6\u00dfe der vor\u00fcbergehenden Behausung h\u00e4ngt von dem Gesundheitszustand der Tauben und euren r\u00e4umlichen M\u00f6glichkeiten ab.<\/p>\n\n\n\n<p>Manche Leute bauen sich auch Zimmervolieren und bieten den Tauben somit mehr Platz.<br>Online kann man auch Moskitonetze f\u00fcr Betten bestellen, die sehr gro\u00df sind und den Tauben viel Platz bieten.<\/p>\n\n\n\n<p>Wir verlinken Euch mal ein paar Beispiele (sucht aber bitte einfach in den Kleinanzeigen nach gebrauchten K\u00e4figen und Boxen, das ist wesentlich g\u00fcnstiger und meist wird man schnell f\u00fcndig):<br><a rel=\"noreferrer noopener\" href=\"https:\/\/www.zooplus.de\/shop\/katzen\/transport\/transportboxen\/kunststoff_transportboxen\/623742\" target=\"_blank\">-Katzenbox<\/a><br><a rel=\"noreferrer noopener\" href=\"https:\/\/www.zooplus.de\/shop\/hunde\/hundetransportbox\/faltbare_hundebox\/transportbox\/469744?gclid=CjwKCAiAvMPRBRBIEiwABuO6qUY8G-tTqSUCUJkO4MDVxMt2KB2x62cstr2ekouHAH7SrCjw28n7HxoCQ3gQAvD_BwE&amp;fbclid=IwAR0Ac5RVPHdfVhSx6oKBnyjT8TIP4jzRVM6riCqU9d11G0jo9lNpd09CTHk\" target=\"_blank\">-Softbox<\/a><br><a rel=\"noreferrer noopener\" href=\"https:\/\/www.real.de\/product\/309580439\/?fbclid=IwAR2PUZO_TStHrnenqM8IRcrlkgTlPjdgdBK2hB-1F_kSpFaY8M7wVZVHcds\" target=\"_blank\">-Kleintierk\u00e4fig<\/a><br><a rel=\"noreferrer noopener\" href=\"https:\/\/www.vidaxl.de\/e\/8718475910756\/faltbare-hundebox-metall-m?fbclid=IwAR2gl9aZPbJGIBpUNsIraBGj5127FAWJagDoBKOPYbnWJlNvmppJR7yz8hc\" target=\"_blank\">-Gitterkennel<\/a><br><a rel=\"noreferrer noopener\" href=\"https:\/\/www.proidee.de\/?P=200572677&amp;H=gs_pi_de_pool_vp&amp;gclid=CjwKCAiAvMPRBRBIEiwABuO6qVku4Fu0R3Rjgcamn5r6lTfGBg28pFeeqEi5PqBUA4vEbxiKZbKARhoCooAQAvD_BwE&amp;fbclid=IwAR1uUqo3x7QiVEcVASKDeG27e9O4BZvVLcHA66XSN962J1wrRgtiXXBHG1o\" target=\"_blank\">-Moskitonetz<\/a><\/p>\n\n\n\n<p>Eine Taube mit Br\u00fcchen sollte wenig Platz zur Verf\u00fcgung haben und wird am besten f\u00fcr 14 Tage in einer Katzentransportbox unter gebracht. Die Heilung eines Bruchs dauert bei Tauben nur knapp 2 Wochen, danach darf sie mehr Platz bekommen um langsam wieder Muskeln aufzubauen.<\/p>\n\n\n\n<p>Tauben, die schmerzhafte Verschn\u00fcrungen hatten und wehe F\u00fc\u00dfe haben, sollten einen weichen K\u00e4figuntergrund bekommen. Es bietet sich an, den K\u00e4figboden mit Handt\u00fcchern zu polstern und dar\u00fcber dann Zeitung, Wickelunterlagen oder K\u00fcchent\u00fccher zu legen, die man wechseln kann, wenn sie verschmutzt sind.<\/p>\n\n\n\n<p>Alle anderen Tauben sollten so viel Platz wie m\u00f6glich zur Verf\u00fcgung haben.<\/p>\n\n\n\n<p>Freiflug w\u00e4re sch\u00f6n, ist aber nicht immer m\u00f6glich. Tauben kacken sehr h\u00e4ufig und wir haben vollstes Verst\u00e4ndnis, dass man sich das f\u00fcr seine eigene Wohnung nicht w\u00fcnscht. Da man in der Regeln kranke und verletzte Tauben beherbergt, ist es absolut in Ordnung, wenn die mal ein paar Wochen nicht fliegen k\u00f6nnen, bis sie genesen sind.<\/p>\n\n\n\n<p>Generell solltet ihr die Boxen und K\u00e4fige lieber nicht auf den Boden stellen, weil die Tauben sich da unwohl f\u00fchlen. Besser w\u00e4re es, wenn ihr die K\u00e4fige erh\u00f6ht auf Tische oder Regale stellt und den Tauben somit ein gr\u00f6\u00dferes Sicherheitsgef\u00fchl erm\u00f6glicht.<\/p>\n\n\n\n<p>Sch\u00f6n w\u00e4re auch, wenn die Tauben von ihrem K\u00e4fig aus ein bi\u00dfchen \u201eAussicht\u201c haben und was von der Welt mitbekommen.<\/p>\n\n\n\n<p>Einen Teil des K\u00e4figs sollte man mit einem Handtuch abdecken, damit es einen gesch\u00fctzten Bereich gibt.<\/p>\n\n\n\n<p>Aus einem gerollten Handtuch, was man mit K\u00fcchent\u00fcchern umwickelt, kann man ein gem\u00fctliches Nest basteln.<\/p>\n\n\n\n<p>Ein umgedrehter Blumentopf, den man in Zeitungspapier einschl\u00e4gt, kann ein gern besetzter Aussichtsplatz sein.<\/p>\n\n\n\n<p>Ein Stock kann als Sitzstange dienen. Es eignen sich auch Pflastersteine oder Kanth\u00f6lzer, Hauptsache sie m\u00fcssen nicht auf dem Boden sitzen, denn das m\u00f6gen sie nicht gerne.<\/p>\n\n\n\n<p>Tauben brauchen Futter, Wasser und Grit. Flache Schalen werden schnell durchlaufen und es wird rein gemacht. Zu hohe Gef\u00e4\u00dfe fallen schnell um. Im Fachhandel findet ihr eine Auswahl an geeigneten N\u00e4pfen.<\/p>\n\n\n\n<p>Den K\u00e4fig sollte ihr nach Bedarf reinigen und das ist mindestens jeden Tag.<br>Euer Bedarf an K\u00fcchenrollen wird steigen. \ud83d\ude09<\/p>\n\n\n\n<p>Wir empfehlen, dass sich alle Leute, die an der P\u00e4ppelei von Stadttauben interessiert sind, schon mal um die Ausr\u00fcstung bem\u00fchen um dann ggf. vorbereitet zu sein. Oft kommen die Notf\u00e4lle sehr spontan und dann w\u00e4re es gut, wenn ihr die Grundausstattung schon habt. Wir leihen euch aber auch was, sofern wir k\u00f6nnen.<\/p>\n\n\n\n<p>P\u00e4ppeln ist eine sch\u00f6ne Aufgabe und P\u00e4ppelstellen sind unerl\u00e4sslich f\u00fcr unsere Arbeit.<\/p>\n\n\n\n<p>Wir freuen uns \u00fcber jeden Taubenfreund, der sich als Pflegestelle zur Verf\u00fcgung stellt.<\/p>\n\n\n\n<p>Auch Haustiere, wie Hunde und Katzen, stellen kein Hindernis dar, sofern man in der Wohnung mehrere R\u00e4ume und verschlie\u00dfbare T\u00fcren hat und die K\u00e4fige erh\u00f6ht aufstellen kann.<\/p>\n\n\n\n<p>Verfasst von Eva-Maria Servatius \/ Stadttauben Bochum e.V.<\/p>\n\n\n\n<figure class=\"wp-block-gallery has-nested-images columns-default is-cropped wp-block-gallery-1 is-layout-flex wp-block-gallery-is-layout-flex\">\n<figure class=\"wp-block-image size-large\"><a href=\"https:\/\/stadttauben-bochum.de\/wp-content\/uploads\/2018\/12\/25188878_1760417850644822_1457391628158307171_o.jpg\"><img fetchpriority=\"high\" decoding=\"async\" width=\"960\" height=\"1280\" data-id=\"488\" src=\"https:\/\/stadttauben-bochum.de\/wp-content\/uploads\/2018\/12\/25188878_1760417850644822_1457391628158307171_o.jpg\" alt=\"Box_mit_Taube\" class=\"wp-image-488\" srcset=\"https:\/\/stadttauben-bochum.de\/wp-content\/uploads\/2018\/12\/25188878_1760417850644822_1457391628158307171_o.jpg 960w, https:\/\/stadttauben-bochum.de\/wp-content\/uploads\/2018\/12\/25188878_1760417850644822_1457391628158307171_o-225x300.jpg 225w, https:\/\/stadttauben-bochum.de\/wp-content\/uploads\/2018\/12\/25188878_1760417850644822_1457391628158307171_o-768x1024.jpg 768w, https:\/\/stadttauben-bochum.de\/wp-content\/uploads\/2018\/12\/25188878_1760417850644822_1457391628158307171_o-624x832.jpg 624w\" sizes=\"(max-width: 960px) 100vw, 960px\" \/><\/a><\/figure>\n\n\n\n<figure class=\"wp-block-image size-large\"><a href=\"https:\/\/stadttauben-bochum.de\/wp-content\/uploads\/2018\/12\/43639072_2135503676469569_6431498141740040192_o.jpg\"><img decoding=\"async\" width=\"693\" height=\"1427\" data-id=\"489\" src=\"https:\/\/stadttauben-bochum.de\/wp-content\/uploads\/2018\/12\/43639072_2135503676469569_6431498141740040192_o.jpg\" alt=\"Box_mit_Taube\" class=\"wp-image-489\" srcset=\"https:\/\/stadttauben-bochum.de\/wp-content\/uploads\/2018\/12\/43639072_2135503676469569_6431498141740040192_o.jpg 693w, https:\/\/stadttauben-bochum.de\/wp-content\/uploads\/2018\/12\/43639072_2135503676469569_6431498141740040192_o-146x300.jpg 146w, https:\/\/stadttauben-bochum.de\/wp-content\/uploads\/2018\/12\/43639072_2135503676469569_6431498141740040192_o-497x1024.jpg 497w, https:\/\/stadttauben-bochum.de\/wp-content\/uploads\/2018\/12\/43639072_2135503676469569_6431498141740040192_o-624x1285.jpg 624w\" sizes=\"(max-width: 693px) 100vw, 693px\" \/><\/a><\/figure>\n\n\n\n<figure class=\"wp-block-image size-large\"><a href=\"https:\/\/stadttauben-bochum.de\/wp-content\/uploads\/2018\/12\/41794765_2104541189565818_6908011874034384896_o.jpg\"><img decoding=\"async\" width=\"640\" height=\"1316\" data-id=\"490\" src=\"https:\/\/stadttauben-bochum.de\/wp-content\/uploads\/2018\/12\/41794765_2104541189565818_6908011874034384896_o.jpg\" alt=\"Box_mit_Taube\" class=\"wp-image-490\" srcset=\"https:\/\/stadttauben-bochum.de\/wp-content\/uploads\/2018\/12\/41794765_2104541189565818_6908011874034384896_o.jpg 640w, https:\/\/stadttauben-bochum.de\/wp-content\/uploads\/2018\/12\/41794765_2104541189565818_6908011874034384896_o-146x300.jpg 146w, https:\/\/stadttauben-bochum.de\/wp-content\/uploads\/2018\/12\/41794765_2104541189565818_6908011874034384896_o-498x1024.jpg 498w, https:\/\/stadttauben-bochum.de\/wp-content\/uploads\/2018\/12\/41794765_2104541189565818_6908011874034384896_o-624x1283.jpg 624w\" sizes=\"(max-width: 640px) 100vw, 640px\" \/><\/a><\/figure>\n\n\n\n<figure class=\"wp-block-image size-large\"><a href=\"https:\/\/stadttauben-bochum.de\/wp-content\/uploads\/2018\/12\/43828235_2137779629575307_2282077258652844032_o-1.jpg\"><img loading=\"lazy\" decoding=\"async\" width=\"693\" height=\"1427\" data-id=\"491\" src=\"https:\/\/stadttauben-bochum.de\/wp-content\/uploads\/2018\/12\/43828235_2137779629575307_2282077258652844032_o-1.jpg\" alt=\"Box_II\" class=\"wp-image-491\" srcset=\"https:\/\/stadttauben-bochum.de\/wp-content\/uploads\/2018\/12\/43828235_2137779629575307_2282077258652844032_o-1.jpg 693w, https:\/\/stadttauben-bochum.de\/wp-content\/uploads\/2018\/12\/43828235_2137779629575307_2282077258652844032_o-1-146x300.jpg 146w, https:\/\/stadttauben-bochum.de\/wp-content\/uploads\/2018\/12\/43828235_2137779629575307_2282077258652844032_o-1-497x1024.jpg 497w, https:\/\/stadttauben-bochum.de\/wp-content\/uploads\/2018\/12\/43828235_2137779629575307_2282077258652844032_o-1-624x1285.jpg 624w\" sizes=\"(max-width: 693px) 100vw, 693px\" \/><\/a><\/figure>\n\n\n\n<figure class=\"wp-block-image size-large\"><a href=\"https:\/\/stadttauben-bochum.de\/wp-content\/uploads\/2018\/12\/48355611_2219660918053844_5872576360836235264_o.jpg\"><img loading=\"lazy\" decoding=\"async\" width=\"640\" height=\"1316\" data-id=\"492\" src=\"https:\/\/stadttauben-bochum.de\/wp-content\/uploads\/2018\/12\/48355611_2219660918053844_5872576360836235264_o.jpg\" alt=\"Box\" class=\"wp-image-492\" srcset=\"https:\/\/stadttauben-bochum.de\/wp-content\/uploads\/2018\/12\/48355611_2219660918053844_5872576360836235264_o.jpg 640w, https:\/\/stadttauben-bochum.de\/wp-content\/uploads\/2018\/12\/48355611_2219660918053844_5872576360836235264_o-146x300.jpg 146w, https:\/\/stadttauben-bochum.de\/wp-content\/uploads\/2018\/12\/48355611_2219660918053844_5872576360836235264_o-498x1024.jpg 498w, https:\/\/stadttauben-bochum.de\/wp-content\/uploads\/2018\/12\/48355611_2219660918053844_5872576360836235264_o-624x1283.jpg 624w\" sizes=\"(max-width: 640px) 100vw, 640px\" \/><\/a><\/figure>\n<\/figure>\n","protected":false},"excerpt":{"rendered":"<p>Hier findest du ein paar Dokumente und Tipps, wenn du dich mehr mit dem Thema &#8222;Versorgen von Tauben&#8220; auseinander setzen willst. Woran erkenne ich eine kranke Taube:Stadttauben_Krankheiten_erkennen.pdf Erstversorgung und Handaufzucht:Erstversorgung_Unterbringung_und_Handaufzucht_von_Stadttauben.pdf&#8230;<\/p>\n","protected":false},"author":3,"featured_media":0,"parent":84,"menu_order":0,"comment_status":"closed","ping_status":"closed","template":"","meta":{"_uag_custom_page_level_css":"","footnotes":""},"class_list":["post-699","page","type-page","status-publish","hentry"],"uagb_featured_image_src":{"full":false,"thumbnail":false,"medium":false,"medium_large":false,"large":false,"1536x1536":false,"2048x2048":false,"post-thumbnail":false,"graphy-post-thumbnail-large":false,"graphy-post-thumbnail-medium":false,"graphy-post-thumbnail-small":false,"graphy-page-thumbnail":false},"uagb_author_info":{"display_name":"Stadttaube","author_link":"https:\/\/stadttauben-bochum.de\/?author=3"},"uagb_comment_info":0,"uagb_excerpt":"Hier findest du ein paar Dokumente und Tipps, wenn du dich mehr mit dem Thema &#8222;Versorgen von Tauben&#8220; auseinander setzen willst. Woran erkenne ich eine kranke Taube:Stadttauben_Krankheiten_erkennen.pdf Erstversorgung und Handaufzucht:Erstversorgung_Unterbringung_und_Handaufzucht_von_Stadttauben.pdf...","_links":{"self":[{"href":"https:\/\/stadttauben-bochum.de\/index.php?rest_route=\/wp\/v2\/pages\/699","targetHints":{"allow":["GET"]}}],"collection":[{"href":"https:\/\/stadttauben-bochum.de\/index.php?rest_route=\/wp\/v2\/pages"}],"about":[{"href":"https:\/\/stadttauben-bochum.de\/index.php?rest_route=\/wp\/v2\/types\/page"}],"author":[{"embeddable":true,"href":"https:\/\/stadttauben-bochum.de\/index.php?rest_route=\/wp\/v2\/users\/3"}],"replies":[{"embeddable":true,"href":"https:\/\/stadttauben-bochum.de\/index.php?rest_route=%2Fwp%2Fv2%2Fcomments&post=699"}],"version-history":[{"count":3,"href":"https:\/\/stadttauben-bochum.de\/index.php?rest_route=\/wp\/v2\/pages\/699\/revisions"}],"predecessor-version":[{"id":704,"href":"https:\/\/stadttauben-bochum.de\/index.php?rest_route=\/wp\/v2\/pages\/699\/revisions\/704"}],"up":[{"embeddable":true,"href":"https:\/\/stadttauben-bochum.de\/index.php?rest_route=\/wp\/v2\/pages\/84"}],"wp:attachment":[{"href":"https:\/\/stadttauben-bochum.de\/index.php?rest_route=%2Fwp%2Fv2%2Fmedia&parent=699"}],"curies":[{"name":"wp","href":"https:\/\/api.w.org\/{rel}","templated":true}]}}