{"id":696,"date":"2022-07-23T22:43:33","date_gmt":"2022-07-23T20:43:33","guid":{"rendered":"http:\/\/stadttauben-bochum.de\/?page_id=696"},"modified":"2025-11-28T16:53:13","modified_gmt":"2025-11-28T15:53:13","slug":"unterstuetzen","status":"publish","type":"page","link":"https:\/\/stadttauben-bochum.de\/?page_id=696","title":{"rendered":"Unterst\u00fctzen"},"content":{"rendered":"\t\t<div data-elementor-type=\"wp-page\" data-elementor-id=\"696\" class=\"elementor elementor-696\">\n\t\t\t\t<div class=\"elementor-element elementor-element-f3e0506 e-flex e-con-boxed e-con e-parent\" data-id=\"f3e0506\" data-element_type=\"container\" data-e-type=\"container\">\n\t\t\t\t\t<div class=\"e-con-inner\">\n\t\t\t\t<div class=\"elementor-element elementor-element-5140b54 elementor-widget elementor-widget-text-editor\" data-id=\"5140b54\" data-element_type=\"widget\" data-e-type=\"widget\" data-widget_type=\"text-editor.default\">\n\t\t\t\t\t\t\t\t\t<p class=\"has-text-align-center\">Wir k\u00f6nnen immer jede Art von Hilfe gebrauchen!<\/p>\n<p><!-- \/wp:paragraph --><!-- wp:paragraph {\"align\":\"center\"} --><\/p>\n<p class=\"has-text-align-center\">Egal ob aktive Helfer*innen oder Menschen, die uns finanziell unterst\u00fctzen. Als ehrenamtlich agierender Verein sind wir auf Unterst\u00fctzung angewiesen. Fast t\u00e4glich flattern bei uns Notf\u00e4lle aus Bochum und Umgebung rein.<\/p>\n<p><!-- \/wp:paragraph --><!-- wp:paragraph {\"align\":\"center\"} --><\/p>\n<p class=\"has-text-align-center\">Neben unserem eigentlichen Hauptziel Taubenh\u00e4user zu errichten, hat sich seit unserer Gr\u00fcndung eine Vielzahl von kostenintensiven Aufgaben ergeben.<\/p>\n<p><!-- \/wp:paragraph --><!-- wp:paragraph {\"align\":\"center\"} --><\/p>\n<p class=\"has-text-align-center\">So ist die Taubenrettung zu unserer Hauptarbeit geworden, auch versorgen wir mittlerweile rund 400 nicht mehr auswilderungsf\u00e4hige Tauben in unseren Schl\u00e4gen. F\u00fcr die Unterhaltung dieser, zur medizinischen Versorgung, das Aufp\u00e4ppeln und Retten, haben wir hohe monatliche Ausgaben, ohne jegliche Unterst\u00fctzung der Stadt. Daher sind wir auf Hilfe angewiesen.<\/p>\n<p><!-- \/wp:paragraph --><!-- wp:paragraph {\"align\":\"center\"} --><\/p>\n<p class=\"has-text-align-center\">Hier zeigen wir dir, wie du uns unterst\u00fctzen kannst!<br \/>Klick dich einfach durch und finde das Richtige f\u00fcr dich. <br \/><strong>Wir sagen DANKE!<\/strong><\/p>\t\t\t\t\t\t\t\t<\/div>\n\t\t\t\t\t<\/div>\n\t\t\t\t<\/div>\n\t\t<a class=\"elementor-element elementor-element-d5888cb e-flex e-con-boxed e-con e-parent\" data-id=\"d5888cb\" data-element_type=\"container\" data-e-type=\"container\" data-settings=\"{&quot;background_background&quot;:&quot;gradient&quot;}\" href=\"https:\/\/www.paypal.com\/paypalme\/stadttaubenbochum\">\n\t\t\t\t\t<div class=\"e-con-inner\">\n\t\t<div class=\"elementor-element elementor-element-57b980a e-con-full e-flex e-con e-child\" data-id=\"57b980a\" data-element_type=\"container\" data-e-type=\"container\">\n\t\t<div class=\"elementor-element elementor-element-ffd33bb e-con-full e-flex e-con e-child\" data-id=\"ffd33bb\" data-element_type=\"container\" data-e-type=\"container\">\n\t\t\t\t<div class=\"elementor-element elementor-element-b8693ec elementor-widget elementor-widget-image\" data-id=\"b8693ec\" data-element_type=\"widget\" data-e-type=\"widget\" data-widget_type=\"image.default\">\n\t\t\t\t\t\t\t\t\t\t\t\t\t\t\t<img decoding=\"async\" width=\"200\" height=\"51\" src=\"https:\/\/stadttauben-bochum.de\/wp-content\/uploads\/2025\/11\/de-pp-logo-200px.png\" class=\"attachment-large size-large wp-image-1471\" alt=\"\" \/>\t\t\t\t\t\t\t\t\t\t\t\t\t\t\t<\/div>\n\t\t\t\t<\/div>\n\t\t\t\t<\/div>\n\t\t\t\t<div class=\"elementor-element elementor-element-0c23b2a elementor-widget__width-inherit elementor-widget elementor-widget-text-editor\" data-id=\"0c23b2a\" data-element_type=\"widget\" data-e-type=\"widget\" data-widget_type=\"text-editor.default\">\n\t\t\t\t\t\t\t\t\t<p>\u00dcber PayPal kannst du uns im Handumdrehen eine Spende zukommen lassen \ud83d\ude42<\/p>\t\t\t\t\t\t\t\t<\/div>\n\t\t\t\t\t<\/div>\n\t\t\t\t<\/a>\n\t\t<div class=\"elementor-element elementor-element-683e454 e-flex e-con-boxed e-con e-parent\" data-id=\"683e454\" data-element_type=\"container\" data-e-type=\"container\">\n\t\t\t\t\t<div class=\"e-con-inner\">\n\t\t\t\t<div class=\"elementor-element elementor-element-3961423 elementor-widget elementor-widget-spacer\" data-id=\"3961423\" data-element_type=\"widget\" data-e-type=\"widget\" data-widget_type=\"spacer.default\">\n\t\t\t\t\t\t\t<div class=\"elementor-spacer\">\n\t\t\t<div class=\"elementor-spacer-inner\"><\/div>\n\t\t<\/div>\n\t\t\t\t\t\t<\/div>\n\t\t\t\t\t<\/div>\n\t\t\t\t<\/div>\n\t\t<a class=\"elementor-element elementor-element-4b0ad67 e-flex e-con-boxed e-con e-parent\" data-id=\"4b0ad67\" data-element_type=\"container\" data-e-type=\"container\" data-settings=\"{&quot;background_background&quot;:&quot;gradient&quot;}\" href=\"https:\/\/mywishlists.de\/wishs\/view\/00hMLGa9YjMS98awfxQinNam\">\n\t\t\t\t\t<div class=\"e-con-inner\">\n\t\t<div class=\"elementor-element elementor-element-2533536 e-con-full e-flex e-con e-child\" data-id=\"2533536\" data-element_type=\"container\" data-e-type=\"container\">\n\t\t<div class=\"elementor-element elementor-element-7b1fde2 e-con-full e-flex e-con e-child\" data-id=\"7b1fde2\" data-element_type=\"container\" data-e-type=\"container\">\n\t\t\t\t<div class=\"elementor-element elementor-element-c599593 elementor-widget elementor-widget-image\" data-id=\"c599593\" data-element_type=\"widget\" data-e-type=\"widget\" data-widget_type=\"image.default\">\n\t\t\t\t\t\t\t\t\t\t\t\t\t\t\t<img decoding=\"async\" width=\"150\" height=\"150\" src=\"https:\/\/stadttauben-bochum.de\/wp-content\/uploads\/2025\/11\/Design-ohne-Titel-150x150.png\" class=\"attachment-thumbnail size-thumbnail wp-image-1466\" alt=\"\" srcset=\"https:\/\/stadttauben-bochum.de\/wp-content\/uploads\/2025\/11\/Design-ohne-Titel-150x150.png 150w, https:\/\/stadttauben-bochum.de\/wp-content\/uploads\/2025\/11\/Design-ohne-Titel-300x300.png 300w, https:\/\/stadttauben-bochum.de\/wp-content\/uploads\/2025\/11\/Design-ohne-Titel.png 500w\" sizes=\"(max-width: 150px) 100vw, 150px\" \/>\t\t\t\t\t\t\t\t\t\t\t\t\t\t\t<\/div>\n\t\t\t\t<\/div>\n\t\t\t\t<\/div>\n\t\t\t\t<div class=\"elementor-element elementor-element-56087fd elementor-widget__width-inherit elementor-widget elementor-widget-text-editor\" data-id=\"56087fd\" data-element_type=\"widget\" data-e-type=\"widget\" data-widget_type=\"text-editor.default\">\n\t\t\t\t\t\t\t\t\t<p>Auf unserer Wunschliste findest du immer das, was wir aktuell so ben\u00f6tigen.<br \/>Es wird dann automatisch an uns geliefert.<br \/>Wir freuen uns \u00fcber alles \ud83d\ude42<\/p>\t\t\t\t\t\t\t\t<\/div>\n\t\t\t\t\t<\/div>\n\t\t\t\t<\/a>\n\t\t<div class=\"elementor-element elementor-element-59ef908d e-flex e-con-boxed e-con e-parent\" data-id=\"59ef908d\" data-element_type=\"container\" data-e-type=\"container\">\n\t\t\t\t\t<div class=\"e-con-inner\">\n\t\t\t\t<div class=\"elementor-element elementor-element-620ea70 elementor-widget elementor-widget-spacer\" data-id=\"620ea70\" data-element_type=\"widget\" data-e-type=\"widget\" data-widget_type=\"spacer.default\">\n\t\t\t\t\t\t\t<div class=\"elementor-spacer\">\n\t\t\t<div class=\"elementor-spacer-inner\"><\/div>\n\t\t<\/div>\n\t\t\t\t\t\t<\/div>\n\t\t\t\t\t<\/div>\n\t\t\t\t<\/div>\n\t\t<a class=\"elementor-element elementor-element-a03a72e e-flex e-con-boxed e-con e-parent\" data-id=\"a03a72e\" data-element_type=\"container\" data-e-type=\"container\" data-settings=\"{&quot;background_background&quot;:&quot;gradient&quot;}\" href=\"https:\/\/www.gooding.de\/shops?select=stadttauben-bochum-e-v-69267&#038;ext=1\">\n\t\t\t\t\t<div class=\"e-con-inner\">\n\t\t<div class=\"elementor-element elementor-element-d064358 e-con-full e-flex e-con e-child\" data-id=\"d064358\" data-element_type=\"container\" data-e-type=\"container\">\n\t\t<div class=\"elementor-element elementor-element-a3ed55a e-con-full e-flex e-con e-child\" data-id=\"a3ed55a\" data-element_type=\"container\" data-e-type=\"container\">\n\t\t\t\t<div class=\"elementor-element elementor-element-939957c elementor-widget elementor-widget-image\" data-id=\"939957c\" data-element_type=\"widget\" data-e-type=\"widget\" data-widget_type=\"image.default\">\n\t\t\t\t\t\t\t\t\t\t\t\t\t\t\t<img decoding=\"async\" src=\"https:\/\/stadttauben-bochum.de\/wp-content\/uploads\/2025\/11\/Gooding-Logo-Gross.png\" title=\"Gooding-Logo-Gross\" alt=\"Gooding-Logo-Gross\" loading=\"lazy\" \/>\t\t\t\t\t\t\t\t\t\t\t\t\t\t\t<\/div>\n\t\t\t\t<\/div>\n\t\t\t\t<\/div>\n\t\t\t\t<div class=\"elementor-element elementor-element-2ddd0a3 elementor-widget__width-inherit elementor-widget elementor-widget-text-editor\" data-id=\"2ddd0a3\" data-element_type=\"widget\" data-e-type=\"widget\" data-widget_type=\"text-editor.default\">\n\t\t\t\t\t\t\t\t\t<p>Bei Gooding kannst du uns entweder beim Online-Shopping unterst\u00fctzen, oder uns direkt eine Spende zukommen lassen.<\/p>\t\t\t\t\t\t\t\t<\/div>\n\t\t\t\t\t<\/div>\n\t\t\t\t<\/a>\n\t\t<div class=\"elementor-element elementor-element-50ae227 e-flex e-con-boxed e-con e-parent\" data-id=\"50ae227\" data-element_type=\"container\" data-e-type=\"container\">\n\t\t\t\t\t<div class=\"e-con-inner\">\n\t\t\t\t<div class=\"elementor-element elementor-element-757f020 elementor-widget elementor-widget-spacer\" data-id=\"757f020\" data-element_type=\"widget\" data-e-type=\"widget\" data-widget_type=\"spacer.default\">\n\t\t\t\t\t\t\t<div class=\"elementor-spacer\">\n\t\t\t<div class=\"elementor-spacer-inner\"><\/div>\n\t\t<\/div>\n\t\t\t\t\t\t<\/div>\n\t\t\t\t\t<\/div>\n\t\t\t\t<\/div>\n\t\t<a class=\"elementor-element elementor-element-f5b9e36 e-flex e-con-boxed e-con e-parent\" data-id=\"f5b9e36\" data-element_type=\"container\" data-e-type=\"container\" data-settings=\"{&quot;background_background&quot;:&quot;gradient&quot;}\" href=\"https:\/\/www.teaming.net\/stadttaubenbochume-v-\">\n\t\t\t\t\t<div class=\"e-con-inner\">\n\t\t<div class=\"elementor-element elementor-element-b49bf6d e-con-full e-flex e-con e-child\" data-id=\"b49bf6d\" data-element_type=\"container\" data-e-type=\"container\">\n\t\t<div class=\"elementor-element elementor-element-1130a6a e-con-full e-flex e-con e-child\" data-id=\"1130a6a\" data-element_type=\"container\" data-e-type=\"container\">\n\t\t\t\t<div class=\"elementor-element elementor-element-d734c97 elementor-widget elementor-widget-image\" data-id=\"d734c97\" data-element_type=\"widget\" data-e-type=\"widget\" data-widget_type=\"image.default\">\n\t\t\t\t\t\t\t\t\t\t\t\t\t\t\t<img decoding=\"async\" src=\"https:\/\/stadttauben-bochum.de\/wp-content\/uploads\/2023\/11\/logo_teaming_color-2.png\" title=\"logo_teaming\" alt=\"logo_teaming\" loading=\"lazy\" \/>\t\t\t\t\t\t\t\t\t\t\t\t\t\t\t<\/div>\n\t\t\t\t<\/div>\n\t\t\t\t<\/div>\n\t\t\t\t<div class=\"elementor-element elementor-element-fa16587 elementor-widget__width-inherit elementor-widget elementor-widget-text-editor\" data-id=\"fa16587\" data-element_type=\"widget\" data-e-type=\"widget\" data-widget_type=\"text-editor.default\">\n\t\t\t\t\t\t\t\t\t<p>Bei Teaming kannst du uns mit einem Betrag in regelm\u00e4\u00dfigen Abst\u00e4nden unterst\u00fctzen.<br \/>Im Team werden kleine Dinge schnell gro\u00df!<\/p>\t\t\t\t\t\t\t\t<\/div>\n\t\t\t\t\t<\/div>\n\t\t\t\t<\/a>\n\t\t<div class=\"elementor-element elementor-element-841dc14 e-flex e-con-boxed e-con e-parent\" data-id=\"841dc14\" data-element_type=\"container\" data-e-type=\"container\">\n\t\t\t\t\t<div class=\"e-con-inner\">\n\t\t\t\t<div class=\"elementor-element elementor-element-edf5048 elementor-widget elementor-widget-spacer\" data-id=\"edf5048\" data-element_type=\"widget\" data-e-type=\"widget\" data-widget_type=\"spacer.default\">\n\t\t\t\t\t\t\t<div class=\"elementor-spacer\">\n\t\t\t<div class=\"elementor-spacer-inner\"><\/div>\n\t\t<\/div>\n\t\t\t\t\t\t<\/div>\n\t\t\t\t\t<\/div>\n\t\t\t\t<\/div>\n\t\t<a class=\"elementor-element elementor-element-395a9d7 e-flex e-con-boxed e-con e-parent\" data-id=\"395a9d7\" data-element_type=\"container\" data-e-type=\"container\" data-settings=\"{&quot;background_background&quot;:&quot;gradient&quot;}\" href=\"https:\/\/stadttauben-bochum.de\/wp-content\/uploads\/2022\/09\/Mitgliedsantrag_StadttaubenBochumeV.pdf\">\n\t\t\t\t\t<div class=\"e-con-inner\">\n\t\t<div class=\"elementor-element elementor-element-3a71d97 e-con-full e-flex e-con e-child\" data-id=\"3a71d97\" data-element_type=\"container\" data-e-type=\"container\">\n\t\t<div class=\"elementor-element elementor-element-99c075b e-con-full e-flex e-con e-child\" data-id=\"99c075b\" data-element_type=\"container\" data-e-type=\"container\">\n\t\t\t\t<div class=\"elementor-element elementor-element-e379b2d elementor-widget elementor-widget-image\" data-id=\"e379b2d\" data-element_type=\"widget\" data-e-type=\"widget\" data-widget_type=\"image.default\">\n\t\t\t\t\t\t\t\t\t\t\t\t\t\t\t<img decoding=\"async\" width=\"150\" height=\"150\" src=\"https:\/\/stadttauben-bochum.de\/wp-content\/uploads\/2024\/09\/cropped-Stadttauben-Bochum-Logo-2000x2000-1-1-150x150.png\" class=\"attachment-thumbnail size-thumbnail wp-image-1130\" alt=\"\" srcset=\"https:\/\/stadttauben-bochum.de\/wp-content\/uploads\/2024\/09\/cropped-Stadttauben-Bochum-Logo-2000x2000-1-1-150x150.png 150w, https:\/\/stadttauben-bochum.de\/wp-content\/uploads\/2024\/09\/cropped-Stadttauben-Bochum-Logo-2000x2000-1-1-300x300.png 300w, https:\/\/stadttauben-bochum.de\/wp-content\/uploads\/2024\/09\/cropped-Stadttauben-Bochum-Logo-2000x2000-1-1-270x270.png 270w, https:\/\/stadttauben-bochum.de\/wp-content\/uploads\/2024\/09\/cropped-Stadttauben-Bochum-Logo-2000x2000-1-1-192x192.png 192w, https:\/\/stadttauben-bochum.de\/wp-content\/uploads\/2024\/09\/cropped-Stadttauben-Bochum-Logo-2000x2000-1-1-180x180.png 180w, https:\/\/stadttauben-bochum.de\/wp-content\/uploads\/2024\/09\/cropped-Stadttauben-Bochum-Logo-2000x2000-1-1-32x32.png 32w, https:\/\/stadttauben-bochum.de\/wp-content\/uploads\/2024\/09\/cropped-Stadttauben-Bochum-Logo-2000x2000-1-1.png 512w\" sizes=\"(max-width: 150px) 100vw, 150px\" \/>\t\t\t\t\t\t\t\t\t\t\t\t\t\t\t<\/div>\n\t\t\t\t<\/div>\n\t\t\t\t<\/div>\n\t\t\t\t<div class=\"elementor-element elementor-element-4ddb9c6 elementor-widget__width-inherit elementor-widget elementor-widget-text-editor\" data-id=\"4ddb9c6\" data-element_type=\"widget\" data-e-type=\"widget\" data-widget_type=\"text-editor.default\">\n\t\t\t\t\t\t\t\t\t<p>Werde Mitglied!<br \/>Jede helfende Hand kann gebraucht werden, egal ob erfahrener Taubenfreund oder Neuling \ud83d\ude42 <br \/>Hier kommst Du zum Mitgliedsantrag.<\/p>\t\t\t\t\t\t\t\t<\/div>\n\t\t\t\t\t<\/div>\n\t\t\t\t<\/a>\n\t\t<div class=\"elementor-element elementor-element-61a207d e-flex e-con-boxed e-con e-parent\" data-id=\"61a207d\" data-element_type=\"container\" data-e-type=\"container\">\n\t\t\t\t\t<div class=\"e-con-inner\">\n\t\t\t\t<div class=\"elementor-element elementor-element-0a6b12d elementor-widget elementor-widget-spacer\" data-id=\"0a6b12d\" data-element_type=\"widget\" data-e-type=\"widget\" data-widget_type=\"spacer.default\">\n\t\t\t\t\t\t\t<div class=\"elementor-spacer\">\n\t\t\t<div class=\"elementor-spacer-inner\"><\/div>\n\t\t<\/div>\n\t\t\t\t\t\t<\/div>\n\t\t\t\t\t<\/div>\n\t\t\t\t<\/div>\n\t\t<div class=\"elementor-element elementor-element-e1736e5 e-flex e-con-boxed e-con e-parent\" data-id=\"e1736e5\" data-element_type=\"container\" data-e-type=\"container\" data-settings=\"{&quot;background_background&quot;:&quot;gradient&quot;}\">\n\t\t\t\t\t<div class=\"e-con-inner\">\n\t\t\t\t<div class=\"elementor-element elementor-element-199e7847 elementor-widget elementor-widget-text-editor\" data-id=\"199e7847\" data-element_type=\"widget\" data-e-type=\"widget\" data-widget_type=\"text-editor.default\">\n\t\t\t\t\t\t\t\t\t<!-- wp:paragraph {\"align\":\"center\"} -->\n<p class=\"has-text-align-center\">\u00a0<\/p>\n<!-- \/wp:paragraph --><!-- wp:image {\"id\":614,\"width\":\"596px\",\"height\":\"auto\",\"linkDestination\":\"custom\",\"align\":\"center\",\"style\":{\"color\":[]}} -->\n<figure class=\"wp-block-image aligncenter is-resized\"><img loading=\"lazy\" decoding=\"async\" class=\"alignnone wp-image-614\" style=\"width: 596px; height: auto;\" src=\"https:\/\/stadttauben-bochum.de\/wp-content\/uploads\/2022\/04\/logo_stadttauben_neu-700x165.png\" alt=\"Stadttauben-Bochum e.V.\" width=\"700\" height=\"165\" srcset=\"https:\/\/stadttauben-bochum.de\/wp-content\/uploads\/2022\/04\/logo_stadttauben_neu-700x165.png 700w, https:\/\/stadttauben-bochum.de\/wp-content\/uploads\/2022\/04\/logo_stadttauben_neu-300x71.png 300w, https:\/\/stadttauben-bochum.de\/wp-content\/uploads\/2022\/04\/logo_stadttauben_neu-768x182.png 768w, https:\/\/stadttauben-bochum.de\/wp-content\/uploads\/2022\/04\/logo_stadttauben_neu-1536x363.png 1536w, https:\/\/stadttauben-bochum.de\/wp-content\/uploads\/2022\/04\/logo_stadttauben_neu-2048x484.png 2048w, https:\/\/stadttauben-bochum.de\/wp-content\/uploads\/2022\/04\/logo_stadttauben_neu-800x189.png 800w\" sizes=\"(max-width: 700px) 100vw, 700px\" \/><\/figure>\n<!-- \/wp:image --><!-- wp:paragraph {\"align\":\"center\"} -->\n<p>Gerne kannst du auch ganz klassisch per \u00dcberweisung spenden.<br \/><br \/><strong>Stadttauben Bochum e.V.<br \/><\/strong>IBAN: DE18 4306 0129 0403 1980 00<br \/>BIC: GENODEM1BOC<br \/>Volksbank Bochum<\/p>\n<!-- \/wp:paragraph --><!-- wp:paragraph {\"align\":\"center\"} -->\n<p><strong>Als gemeinn\u00fctziger Verein, sind wir in der Lage Spendenquittungen auszustellen. Tretet dazu bitte mit uns in Kontakt unter: <\/strong><\/p>\n<!-- \/wp:paragraph --><!-- wp:paragraph {\"align\":\"center\"} -->\n<p><strong>buchhaltung@stadttauben-bochum.de<\/strong><\/p>\n<!-- \/wp:paragraph --><!-- wp:paragraph -->\n<p>\u00a0<\/p>\n<!-- \/wp:paragraph -->\t\t\t\t\t\t\t\t<\/div>\n\t\t\t\t\t<\/div>\n\t\t\t\t<\/div>\n\t\t\t\t<\/div>\n\t\t","protected":false},"excerpt":{"rendered":"<p>Wir k\u00f6nnen immer jede Art von Hilfe gebrauchen! Egal ob aktive Helfer*innen oder Menschen, die uns finanziell unterst\u00fctzen. Als ehrenamtlich agierender Verein sind wir auf Unterst\u00fctzung angewiesen. Fast t\u00e4glich flattern&#8230;<\/p>\n","protected":false},"author":3,"featured_media":0,"parent":0,"menu_order":4,"comment_status":"closed","ping_status":"closed","template":"","meta":{"_uag_custom_page_level_css":"","footnotes":""},"class_list":["post-696","page","type-page","status-publish","hentry"],"uagb_featured_image_src":{"full":false,"thumbnail":false,"medium":false,"medium_large":false,"large":false,"1536x1536":false,"2048x2048":false,"post-thumbnail":false,"graphy-post-thumbnail-large":false,"graphy-post-thumbnail-medium":false,"graphy-post-thumbnail-small":false,"graphy-page-thumbnail":false},"uagb_author_info":{"display_name":"Stadttaube","author_link":"https:\/\/stadttauben-bochum.de\/?author=3"},"uagb_comment_info":0,"uagb_excerpt":"Wir k\u00f6nnen immer jede Art von Hilfe gebrauchen! Egal ob aktive Helfer*innen oder Menschen, die uns finanziell unterst\u00fctzen. Als ehrenamtlich agierender Verein sind wir auf Unterst\u00fctzung angewiesen. Fast t\u00e4glich flattern...","_links":{"self":[{"href":"https:\/\/stadttauben-bochum.de\/index.php?rest_route=\/wp\/v2\/pages\/696","targetHints":{"allow":["GET"]}}],"collection":[{"href":"https:\/\/stadttauben-bochum.de\/index.php?rest_route=\/wp\/v2\/pages"}],"about":[{"href":"https:\/\/stadttauben-bochum.de\/index.php?rest_route=\/wp\/v2\/types\/page"}],"author":[{"embeddable":true,"href":"https:\/\/stadttauben-bochum.de\/index.php?rest_route=\/wp\/v2\/users\/3"}],"replies":[{"embeddable":true,"href":"https:\/\/stadttauben-bochum.de\/index.php?rest_route=%2Fwp%2Fv2%2Fcomments&post=696"}],"version-history":[{"count":26,"href":"https:\/\/stadttauben-bochum.de\/index.php?rest_route=\/wp\/v2\/pages\/696\/revisions"}],"predecessor-version":[{"id":1478,"href":"https:\/\/stadttauben-bochum.de\/index.php?rest_route=\/wp\/v2\/pages\/696\/revisions\/1478"}],"wp:attachment":[{"href":"https:\/\/stadttauben-bochum.de\/index.php?rest_route=%2Fwp%2Fv2%2Fmedia&parent=696"}],"curies":[{"name":"wp","href":"https:\/\/api.w.org\/{rel}","templated":true}]}}